- r - 2. Give o(3).
-5
Let z(c) = -c + 15. Determine z(8).
7
Let w(a) = a**2 - 2*a. Determine w(-2).
8
Let s(l) = 5*l**3 + 21*l**2 + 9*l + 23. What is s(-4)?
3
Let p(h) = 4*h + 26. Give p(-2).
18
Let o(y) = y**2 + 8*y - 36. Give o(-11).
-3
Let j(r) = 13*r**3 + 4*r**2 - 4*r + 2. Calculate j(1).
15
Let m(o) = -o**2 + 12*o + 14. Determine m(13).
1
Let j(g) = -g**2 - 10*g + 2. Determine j(-10).
2
Let z(v) = v**3 + 18*v**2 - 16*v - 18. Determine z(-19).
-75
Let z(x) = 3*x**3 - 25*x**2 + 10*x + 2. Calculate z(8).
18
Let a(w) = w**2 + 6*w - 6. Give a(-11).
49
Let c(o) = o + 20. Calculate c(-9).
11
Let w(l) = -2*l**2 - 7*l - 4. Calculate w(-6).
-34
Let u(p) = p - 2. What is u(4)?
2
Let n(u) = 2*u**2 + 3*u - 2. Calculate n(3).
25
Let i(d) = d**3 - 14*d**2 - 18*d + 27. Calculate i(15).
-18
Let u(h) = 14*h - 6. Calculate u(1).
8
Let a(x) = 8*x**3 - 3*x**2 - 3*x + 4. Give a(-2).
-66
Let p(c) = -c**3 - c**2 + 4. What is p(-2)?
8
Let l(t) = -t**2 - 7*t - 1. What is l(-5)?
9
Let c(b) = 20*b + 59. Give c(-5).
-41
Let i(y) = -y - 11. Determine i(-13).
2
Let j(t) = -10*t + 83. Give j(9).
-7
Let b(p) = p**3 + 14*p**2 - 15*p - 5. Calculate b(-15).
-5
Let f(h) = 4*h + 62. Give f(-23).
-30
Let s(r) = 2*r**2 - 30*r + 117. Calculate s(9).
9
Let m(z) = -z**2 + 11*z + 1. Calculate m(12).
-11
Let w(c) = 10*c**2 - 43*c - 1. Calculate w(4).
-13
Let x(h) = 5*h - 18. What is x(14)?
52
Let y(f) = -12*f + 4. What is y(5)?
-56
Let w(h) = -h + 11. Determine w(9).
2
Let z(y) = y**3 - 7*y**2 + 6*y + 3. What is z(6)?
3
Let y(h) = -h**2 - 18*h + 2. What is y(-13)?
67
Let t(x) = -2*x**3 - 22*x**2 - 14*x - 26. Calculate t(-11).
128
Let y(c) = -9*c + 191. Calculate y(15).
56
Let u(z) = -8*z + 115. Give u(14).
3
Let i(y) = y**3 - 12*y**2 + 11*y - 19. Determine i(11).
-19
Let j(h) = -14*h - 40. Determine j(-3).
2
Let z(b) = b**3 + 3*b**2 - 3*b - 51. What is z(0)?
-51
Let p(u) = -u**3 - 5*u**2 + 6*u - 1. Give p(-5).
-31
Let r(y) = -22*y + 172. Give r(8).
-4
Let q(o) = o**2 - 5*o + 9. Determine q(3).
3
Let w(r) = -22*r + 29. Determine w(-6).
161
Let s(r) = 10*r**2 - 352*r + 66. Determine s(35).
-4
Let b(n) = -n**2 + 106*n + 547. What is b(-5)?
-8
Let n(q) = 5*q - 35. What is n(8)?
5
Let s(a) = 2*a**3 - 4*a**2 + 3*a - 3. What is s(4)?
73
Let q(s) = -s**3 - 6*s**2 + 4*s - 8. Calculate q(-7).
13
Let n(h) = 3*h + 7. Give n(-6).
-11
Let p(t) = -t**2 - 2*t + 4. Determine p(-4).
-4
Let m(s) = -s**3 + 7*s**2 - 6*s + 17. What is m(6)?
17
Let x(i) = i**2 + 4*i + 10. Determine x(-4).
10
Let n(v) = 2*v**3 + 3*v**2 - 3*v - 7. Calculate n(-4).
-75
Let i(b) = -12*b**2 + 2*b + 1. Give i(-1).
-13
Let x(g) = -31*g + 27. What is x(1)?
-4
Let a(u) = -2*u + 27. What is a(-17)?
61
Let x(q) = q**2 + 7*q - 78. Give x(6).
0
Let j(y) = 2*y**2 - 11*y - 9. Calculate j(7).
12
Let n(b) = 2*b**2 + 58*b + 79. Calculate n(-27).
-29
Let c(v) = 12*v + 215. Determine c(-17).
11
Let p(q) = 3*q**2 + 13*q - 5. Calculate p(-6).
25
Let b(r) = -r**3 - 2*r**2 + 6*r - 2. Give b(-4).
6
Let b(f) = -15*f**2 + 3*f - 10. Calculate b(3).
-136
Let v(j) = 3*j**3 - 64*j**2 + 21*j - 9. Determine v(21).
-9
Let y(t) = 11*t**2 + 8. Give y(4).
184
Let k(p) = -p**3 + 7*p**2 - p + 12. Determine k(7).
5
Let d(l) = -3*l + 16. Calculate d(5).
1
Let h(g) = g**3 - 13*g**2 - 19. Give h(13).
-19
Let n(l) = -2*l - 4. Give n(-9).
14
Let u(w) = w**3 + 6*w**2 - w + 65. Determine u(-7).
23
Let k(v) = -v**3 + 3*v**2 + 69*v - 261. What is k(4)?
-1
Let s(c) = -10*c + 45. Calculate s(4).
5
Let q(g) = -g**3 + 9*g**2 - 25*g + 41. Give q(6).
-1
Let u(w) = -w**2 + 3*w - 1. Calculate u(-3).
-19
Let k(y) = y + 64. Determine k(-23).
41
Let x(d) = -d**3 + 10*d**2 - 10*d + 8. Calculate x(7).
85
Let h(t) = 14*t - 118. Determine h(8).
-6
Let l(g) = -g**3 + 13*g**2 - 22*g - 4. Determine l(11).
-4
Let v(a) = -a**3 + 5*a**2 - 6*a + 7. Determine v(3).
7
Let t(b) = 2*b - 30. What is t(15)?
0
Let c(i) = i**3 + 19*i**2 + 61*i + 17. Calculate c(-15).
2
Let y(f) = -f**3 + 10*f**2 - 9*f - 48. Give y(8).
8
Let w(s) = s**3 + 33*s**2 + 3*s + 98. What is w(-33)?
-1
Let o(p) = p**2 + 20*p - 36. Determine o(-21).
-15
Let a(x) = -x**3 + 12*x**2 + 11*x + 17. Give a(13).
-9
Let d(p) = -p**3 - 15*p**2 - 15*p - 19. Determine d(-14).
-5
Let o(j) = -2*j**3 - 3*j**2 + 4*j + 4. Determine o(2).
-16
Let v(y) = -2*y**2 - 2*y + 8. Calculate v(-6).
-52
Let h(s) = -s**3 + 2*s + 2. Determine h(3).
-19
Let j(m) = -22*m - 559. Determine j(-25).
-9
Let h(y) = -y**3 + 9*y**2 - y - 9. What is h(0)?
-9
Let k(q) = q**2 + 9*q + 3. Determine k(-7).
-11
Let i(n) = -7*n**2 - 16*n - 3. Determine i(-2).
1
Let b(n) = n**3 - 7*n**2 - 13*n - 3. Give b(9).
42
Let l(o) = 3*o - 11. Calculate l(8).
13
Let h(b) = b**2 + b + 4. Give h(-3).
10
Let v(n) = n**3 + 6*n**2 - 9*n - 3. Determine v(-6).
51
Let q(y) = 9*y**2 + 5*y + 2. What is q(4)?
166
Let k(d) = -d**3 + 5*d**2 + 2*d - 12. What is k(3)?
12
Let m(z) = -z**2 - z + 4. Determine m(-3).
-2
Let i(u) = -u**3 - 10*u**2 - 6*u + 22. Determine i(-9).
-5
Let l(a) = 7*a - 46. Give l(9).
17
Let h(t) = t**2 + 16*t + 67. Calculate h(-10).
7
Let p(q) = 2*q**2 - 2*q - 5. Determine p(3).
7
Let o(g) = -25*g**2 - 2*g + 2. Determine o(1).
-25
Let i(p) = -3*p + 11. What is i(5)?
-4
Let l(y) = -148*y + 596. Determine l(4).
4
Let w(k) = -11*k + 2. Calculate w(-3).
35
Let a(f) = 2*f**2 - 58*f + 11. Give a(27).
-97
Let k(c) = 252*c + 2270. Determine k(-9).
2
Let l(q) = -q**3 - 21*q**2 + 4*q - 14. Give l(-21).
-98
Let r(x) = -5*x**3 - 2*x**2 - x + 1. Give r(-1).
5
Let g(v) = -v**2 - 5*v + 9. Give g(-6).
3
Let n(i) = i**3 - 11*i**2 + 11*i - 10. Give n(10).
0
Let q(y) = 2*y - 2. What is q(4)?
6
Let t(y) = -2*y**2 - 4*y. Determine t(-3).
-6
Let h(b) = -b**2 - 9*b + 1. Calculate h(-5).
21
Let f(o) = -2*o**2 + 6*o. Give f(8).
-80
Let z(a) = a**3 + 4*a**2 + 2*a - 6. Calculate z(-3).
-3
Let x(d) = d**3 - 8*d**2 - 14*d + 10. What is x(9)?
-35
Let w(i) = -9*i**2 + 31*i - 7. What is w(4)?
-27
Let l(i) = 2*i - 49. Calculate l(0).
-49
Let c(w) = -109*w - 6. Give c(-1).
103
Let t(y) = -y**3 - 32*y**2 - y - 37. Calculate t(-32).
-5
Let q(v) = 2*v**3 + 4*v**2 - 7*v - 8. Determine q(-4).
-44
Let l(y) = -y**3 - 12*y**2 + 16. Determine l(-12).
16
Let d(a) = 24*a**2 + 2*a - 1. Give d(1).
25
Let q(o) = 4*o**3 - 5*o**2 + o + 10. Determine q(4).
190
Let c(a) = a**2 - 19*a + 40. Determine c(19).
40
Let w(s) = -s**2 - 9*s - 1. Determine w(-6).
17
Let j(g) = g**3 - g - 26. Determine j(0).
-26
Let l(b) = -15*b - 43. What is l(-3)?
2
Let n(m) = -m**2 + 7*m + 92. Calculate n(14).
-6
Let w(p) = -10*p + 6. Give w(4).
-34
Let s(y) = -7*y**3 - 5*y**2 - 9*y - 4. Give s(-1).
7
Let s(a) = 5*a**2 + 11*a + 9. Calculate s(-4).
45
Let i(w) = -w**3 + 8*w**2 - w - 10. Calculate i(7).
32
Let n(t) = 12*t - 38. Give n(6).
34
Let j(q) = -q**2 + 10*q + 7. Determine j(12).
-17
Let l(n) = n**2 + 9*n - 30. What is l(-11)?
-8
Let n(i) = -2*i**2 - 8*i + 4. Calculate n(-4).
4
Let q(j) = -j + 5. Determine q(12).
-7
Let n(h) = h**3 - 10*h**2 + 13*h - 10. Calculate n(9).
26
Let t(q) = -2*q**2 - 9*q - 13. Give t(-9).
-94
Let b(m) = -m**3 + 3*m**2 - m + 3. Give b(0).
3
Let g(a) = 4*a - 75. Determine g(13).
-23
Let y(d) = -4*d - 6. Give y(0).
-6
Let p(z) = -2*z**2 - 16*z - 15. Determine p(-7).
-1
Let t(h) = -h**3 - 13*h**2 + 9*h - 19. What is t(-13)?
-136
Let u(s) = 13*s. Give u(1).
13
Let l(k) = -71*k**2 + 1. Give l(1).
-70
Let w(y) = -y**3 - 5*y**2 + 16*y + 8. Calculate w(-7).
-6
Let k(y) = 2*y**2 + 6*y - 1. What is k(-5)?
19
Let l(w) = w**3 - 16*w**2 + 14*w + 20. Calculate l(15).
5
Let x(u) = -6*u + 14. Calculate x(3).
-4
Let q(g) = -g + 4. Calculate q(-4).
8
Let d(w) = -w**2 + 3*w + 1. Determine d(5).
-9
Let t(n) = -8*n + 7. What is t(8)?
-57
Let n(l) = -l**2 - 23*l - 6. What is n(-23)?
-6
Let z(s) = 5*s - 7. Determine z(5).
18
Let s(x) = x**3 + 2*x**2 - x - 4. Determine s(-3).
-10
Let o(t) = t**3 - 16*t**2 - 17*t - 5. What is o(17)?
-5
Let g(u) = 9*u + 276. What is g(-30)?
6
Let n(a) = -a**2 + 17*a + 35. Give n(21).
-49
Let y(o) = -5*o - 2. Calculate y(-7).
33
Let u(k) = -k**3 - k - 39. Calculate u(0).
-39
Let a(s) = 214*s - 5. Give a(-1).
-219
Let o(a) = -21*a + 3. What is o(3)?
-60
Let i(s) = s**3 - 23*s**2 + 23*s - 27. Give i(22).
-5
Let f(r) = r**3 + 14*r**2 - 13*r + 36. Give f(-15).
6
Let g(q) = 22*q + 1. Determine g(-1).
-21
Let i(k) = -